What is the thousands digit of h?
0
Let q be 5975/50 + (-1)/2. Let g = q - 111. Let l = g - -19. What is the tens digit of l?
2
Let m = 16561 - 11224. What is the tens digit of m?
3
Suppose 260 = 10*j - 20. Suppose 3*h + 4 = -4*o, 3*o = 4*h - 0*h - j. Suppose -3*t - h*q + 99 = -140, 58 = t - 3*q. What is the tens digit of t?
7
Let o(v) = v**2 - 2. Let p = 15 + -13. Let l be o(p). What is the tens digit of (-1218)/(-26) + l/13?
4
Suppose -54110 - 102860 = -24*d - 3274. What is the tens digit of d?
0
Suppose 33 = 6*s - 9. Let j be 3765/21 + (-16)/s + 2. Suppose 5*h - j = 31. What is the units digit of h?
2
Suppose t - 4654 = 4*x, -144*t + 146*t - 3*x - 9288 = 0. What is the thousands digit of t?
4
Let y = 1980 + -1024. Let r = y + -512. What is the tens digit of r?
4
Let d be 5 - (1*(2039 + 6) + 3). Let l = 2913 + d. What is the tens digit of l?
7
Suppose 10*j - 1529 - 391 = 0. Suppose j = -3*o + 1452. What is the units digit of o?
0
Let k be (-11)/(55/(-30)) - 2/1. Suppose k*m - 390 = 5*m. What is the tens digit of (m/(-9) - 0) + 2/(-6)?
4
Let b(v) = -109*v + 21. Let w be b(-7). Suppose -w = -14*f + 10*f - 3*s, 0 = s + 4. What is the hundreds digit of f?
1
Let r(x) = 15*x + 26. Suppose 5*b - 7*b + 42 = 0. What is the hundreds digit of r(b)?
3
Suppose 1232 = 2*a - 3*o - 311, 5*a + 2*o = 3848. Let y(m) = m**2 - 12*m + 1. Let r be y(14). Suppose -r*x + 36*x = a. What is the units digit of x?
0
Let b = 371 - 363. Let g = 355 - b. What is the hundreds digit of g?
3
Let b(q) be the third derivative of -q**6/60 - q**4/24 - 21*q**2. Let d be b(-1). Suppose -432 = -d*r - r. What is the hundreds digit of r?
1
Let k(b) = -b**2 - 14*b + 23. Let j(n) = n**2 + 13*n - 24. Let q(f) = -3*j(f) - 4*k(f). Let l be q(-19). Let s = l + 68. What is the tens digit of s?
8
Suppose 22 = 2*u + 3*p - 8, 0 = -3*p. Suppose 0 = -14*c + u*c - 61. What is the units digit of c?
1
Let b(d) = d**3 + 14*d**2 + 2. Let m be b(-14). Suppose -5*w = -20, -m*z + 0*w = 5*w - 372. Let c = -106 + z. What is the tens digit of c?
7
What is the tens digit of 4/(-2) + (121*2)/((-14)/(-28))?
8
Suppose 2*i - 78 = -4*w + 4*i, w + 4*i + 3 = 0. Let y = w + -25. Let u = y + 71. What is the tens digit of u?
6
Let r(d) = 423*d**3 - 2*d**2 + 4*d - 5. Let x be r(1). Let w be (0 - 0)/2 + 5. Suppose -w*z = 4*c - x, -z + 14 = -5*c - 70. What is the units digit of z?
4
Let s(f) = -f**3 + 15*f**2 + 14*f + 37. Let h be s(16). Suppose y - h*w - 218 = 0, 6*y - 2*y - 2*w - 962 = 0. What is the hundreds digit of y?
2
Let o = 86 - 82. Suppose -2*t + 530 = -o*m, -102 = -t + 3*m + 165. Let k = t + -33. What is the tens digit of k?
2
Let j(n) = -5*n + 45. Let a be j(10). Let o(i) = 19*i**2 + 4*i. What is the units digit of o(a)?
5
Suppose v = -4*v - 80. Let c be 36/306 + ((-55)/10)/(68/(-1000)). Let h = c - v. What is the units digit of h?
7
Let k = -169 + 327. Let j = k + -325. Let y = j - -276. What is the units digit of y?
9
Suppose -98*v + 103*v - 10 = 0. Suppose -320 = -v*u - 7*m + 5*m, -4*m + 795 = 5*u. What is the hundreds digit of u?
1
Suppose 20*x + 42335 = 5*a + 23*x, 8460 = a + 2*x. What is the units digit of a?
0
What is the units digit of (-2)/4*(-94092)/3?
2
Let w = 39 - 36. Suppose 19 = 5*t + w*n, n - 2 = 1. Suppose -5*c + 930 = -t*m + 63, -c + 5*m = -155. What is the hundreds digit of c?
1
Suppose -19*i = 3*f - 14*i - 55607, 0 = -3*f + 5*i + 55657. What is the units digit of f?
4
What is the tens digit of 59225 - (-22 - 253/(-11))?
2
What is the units digit of (249966/216)/(1/4)?
9
Suppose 3*m = w - 0*w - 42, 4*m = -12. Let p = w - 124. Let v = 167 + p. What is the units digit of v?
6
Suppose -14*f + 761634 + 274958 = 89*f. What is the thousands digit of f?
0
Let p = -6265 - -14891. What is the thousands digit of p?
8
Let q(b) = -b**2 - 54*b - 43. Let y be q(-15). Suppose 3*o - 1403 = -y. What is the hundreds digit of o?
2
Let k = -30 - -30. Suppose -2*j - 21 = -9*j. Suppose 2*s - 83 = 3*f - k*f, j*s - 3*f = 129. What is the units digit of s?
6
Let n = 451 - -832. Suppose -n - 842 = -5*b. What is the tens digit of b?
2
Suppose -r - 22 = 2*g, -2*g = 7 + 3. Let u = 20 + r. Suppose 2*y = -3*k + 191, -4*y - 389 = -u*y + k. What is the units digit of y?
7
Let k be ((-5114)/14 - 8) + 4/14. Let z = k - -557. What is the tens digit of z?
8
Suppose -22*k - 26626 - 7386 = 0. Let n = -750 - k. What is the hundreds digit of n?
7
Suppose 2*x = -3*d + 225270, 455*d + 225270 = 458*d + 3*x. What is the units digit of d?
0
What is the tens digit of ((-25)/(-20))/((-37761)/12588 - -3)?
4
What is the thousands digit of (1736/(-40))/((-19)/1615)?
3
Suppose -11034 - 2638 = -3*u - 4*p, -3*u + 4*p + 13712 = 0. What is the units digit of 6/10 - u/(-10)?
7
Suppose -4*g - 2*q + q + 10742 = 0, -5*q = -2*g + 5382. What is the units digit of g?
6
Let b = 3542 - 307. What is the tens digit of b?
3
Let k = 274 + -272. Suppose 2*w = -2*u + 268, k*w + 292 = 2*u + 20. What is the tens digit of u?
3
Suppose 0 = 114*q - 118*q + 5*j + 196357, 5*q - 4*j = 245453. What is the ten thousands digit of q?
4
Let k(c) = c**2 - 2*c. Let b be 15/(-10)*4/(-3). Let n be k(b). Suppose 0 = -n*t - t + 33. What is the tens digit of t?
3
Suppose -3*s - 5*l + 84 = 17, 3*s + 4*l - 65 = 0. Let v(g) be the first derivative of g**3/3 - 17*g**2/2 - 28*g + 8. What is the tens digit of v(s)?
1
Suppose 11966 + 2414 = 5*g. What is the units digit of g?
6
Let o(n) = 41*n**3 - 2*n**2 + 2*n - 1. Let g be o(2). Suppose -80 = l + s, 4*l + s + g = -0*s. Let c = l - -246. What is the hundreds digit of c?
1
Let d(h) = -h**3 - h**2 - 2*h - 518. Let c be d(0). Let i = -389 + c. What is the hundreds digit of (-4)/10 - (i/5 + 1)?
1
Suppose 0*q - 2*c - 5 = q, 0 = -4*c - 8. Let f(k) be the second derivative of -41*k**3/6 + 5*k**2/2 + k. What is the units digit of f(q)?
6
Let i(o) be the second derivative of o**4/12 - o**3/2 + 3*o**2 + o. Let g(v) = -v**2 + 6*v + 11. Let p be g(8). What is the units digit of i(p)?
6
Suppose -2*t = -c + 7, 0 = -3*t - 3*c - 24. What is the hundreds digit of (4*-1)/(23/(-1380)) - t?
2
Let l be 2*1 - (-6 + 7)*120. Let c = -58 - l. Let u = c + 89. What is the tens digit of u?
4
Let k = 11905 + -6855. What is the tens digit of k?
5
Suppose -15 = -y - 4*y, -4*q - 2*y = -18. Suppose -40 = -10*i + 2*i. Suppose 4 = -l - 3*t, -5*l + i*t - q*t = -48. What is the units digit of l?
8
Let b(f) = -115*f + 48. Let a be b(-8). Suppose -h + 312 = 4*s, 3*h + 2*s - a = -2*s. What is the units digit of h?
8
Let c(t) = t**2 + 10*t + 33. Let s be c(-6). Suppose 15*z = s*z + 2292. What is the hundreds digit of z?
3
Let o be (-7094)/(-7) - ((-120)/(-35) + -4). Suppose u = -139 + o. What is the units digit of u?
5
Let r be ((-11)/(22/4))/(-1). Suppose -4 = 2*q - r*m - 20, -24 = -2*q + 4*m. Suppose h - q*c = 200, -5*c = 4*h - 60 - 740. What is the units digit of h?
0
Suppose 218*m - 1059689 = 1603399. What is the ten thousands digit of m?
1
Suppose b - 5*b = -104. Suppose 2*q + 21336 = b*q. What is the tens digit of q?
8
Let i(l) be the second derivative of 23*l**4/4 + l**3/6 + 9*l. Let m be i(1). What is the tens digit of 1326/14 - (-20)/m?
9
Suppose -5*n = -2*v + 45, -v - 5*n + 24 = -9*n. Suppose -2*h - 3*h - v = 0. What is the hundreds digit of (28/12)/(h/(-504))?
2
Suppose 5*q - 446 = -4*h - 155, -2*q + h + 106 = 0. Suppose 0 = u - 4*j - 89, 5*u = -2*j + 317 + 128. Let t = q + u. What is the tens digit of t?
4
Let x(j) = 49*j**2 - 9*j - 299. What is the thousands digit of x(-12)?
6
Suppose -3*n + 5*n = 8. Suppose 7*y + 48 = n*y. What is the tens digit of 31 + y/4 - 3?
2
Let b(y) = 15*y**2 + 46*y + 214. What is the tens digit of b(25)?
3
Let r be 2 + (2 - 4) + -8 + 186. Suppose r - 1996 = -6*t. What is the units digit of t?
3
Suppose 12*p = -23021 + 27325 + 53632. What is the units digit of p?
8
Let s(c) = 5419*c**2 - 52*c + 111. What is the ten thousands digit of s(2)?
2
Let o(z) = -z**2 - 10*z - 17. Let a be o(-7). Suppose -a*i + 0*i = -816. Suppose 3*s + i = 3*d, 0 = -d + 2*s - 20 + 85. What is the units digit of d?
1
Suppose -6*i + 2*i - r - 100 = 0, 4*i = 3*r - 84. Let y be 4/6 + (-2 - 104/i). Suppose -4*k = -y*l + 789 - 55, 238 = l - 3*k. What is the hundreds digit of l?
2
Suppose -3*p + t + 3 = 0, -2*t + 12 = 3*p - 0*p. Suppose -r = 17*j - 19*j - 886, -2*r -